) to base 3.
-101100101
20270 (base 11) to base 13
10620
-7684 (base 10) to base 9
-11477
What is -4110 (base 5) in base 13?
-31a
What is 4213 (base 12) in base 13?
3390
What is 234 (base 10) in base 16?
ea
Convert -6b4 (base 13) to base 9.
-1530
Convert 114464 (base 8) to base 2.
1001100100110100
Convert -47ac (base 15) to base 7.
-62265
-12132 (base 5) to base 16
-395
Convert 2949 (base 14) to base 15.
227c
Convert -4233 (base 9) to base 14.
-11c0
Convert 5952 (base 11) to base 16.
1e79
Convert -21110 (base 4) to base 10.
-596
Convert -33242 (base 7) to base 10.
-8360
What is 1000011101111 (base 2) in base 11?
3291
Convert -211313 (base 4) to base 2.
-100101110111
-1758 (base 13) to base 12
-1bb9
dd6 (base 16) to base 5
103132
Convert -11001011010 (base 2) to base 8.
-3132
Convert -175c (base 13) to base 4.
-312001
Convert -11020210 (base 3) to base 10.
-3099
What is 9bb4 (base 14) in base 2?
110100110000010
153535 (base 7) to base 2
111010110100000
-97 (base 12) to base 4
-1303
Convert 193 (base 10) to base 6.
521
dc1d (base 15) to base 3
2100221001
Convert 10111011110110 (base 2) to base 6.
131354
Convert 53 (base 14) to base 4.
1021
Convert -251134 (base 7) to base 16.
-b3d4
4070 (base 10) to base 15
1315
Convert -229 (base 14) to base 3.
-120220
-a218 (base 16) to base 13
-15b70
What is 23752 (base 8) in base 12?
5ab6
-2112201 (base 3) to base 9
-2481
cb2 (base 16) to base 6
23014
Convert dc9 (base 16) to base 4.
313021
2208 (base 11) to base 5
43122
What is 7154 (base 10) in base 9?
10728
Convert 44858 (base 11) to base 8.
176627
What is 555 (base 10) in base 14?
2b9
10001330 (base 4) to base 8
40174
11201120 (base 3) to base 11
2651
201122020 (base 3) to base 10
14316
What is -225ca (base 13) in base 3?
-10011202211
What is 6025 (base 13) in base 5?
410323
-131 (base 5) to base 10
-41
Convert a75 (base 13) to base 3.
2110011
-10121201 (base 3) to base 14
-d66
25976 (base 13) to base 16
1105d
342024 (base 6) to base 13
10249
-43210 (base 7) to base 3
-112201201
Convert 100 (base 14) to base 13.
121
Convert -1001 (base 7) to base 15.
-17e
-9a6 (base 12) to base 5
-21142
Convert -2b3 (base 16) to base 13.
-412
-ffd1 (base 16) to base 2
-1111111111010001
-1263 (base 7) to base 16
-1e6
-21140 (base 5) to base 7
-4066
2736 (base 16) to base 4
2130312
Convert 22474 (base 8) to base 3.
111002001
What is 30013 (base 5) in base 6?
12415
-a61 (base 15) to base 6
-14501
2206 (base 13) to base 4
1022002
-11142 (base 5) to base 15
-382
Convert -111011011 (base 2) to base 11.
-3a2
What is 53233 (base 7) in base 11?
9980
Convert 100200000 (base 3) to base 15.
214c
Convert -101011010 (base 2) to base 13.
-208
What is 784 (base 15) in base 3?
2022221
Convert -815 (base 14) to base 11.
-1213
-1312033 (base 4) to base 13
-35a1
-11100102 (base 3) to base 5
-100140
11204 (base 5) to base 9
1083
What is -1c79 (base 13) in base 7?
-15416
-8128 (base 11) to base 3
-112210222
Convert -db (base 16) to base 4.
-3123
Convert 46 (base 13) to base 8.
72
-4921 (base 11) to base 5
-201221
What is -4a14 (base 12) in base 15?
-272d
-22111 (base 7) to base 3
-21121101
-683 (base 13) to base 12
-795
32332 (base 4) to base 9
1274
What is -4850 (base 14) in base 3?
-122022012
What is -1315 (base 6) in base 10?
-335
What is -3030000 (base 4) in base 9?
-18816
What is 4fb (base 16) in base 11?
a5a
-10657 (base 9) to base 2
-1101110111011
Convert -2327 (base 8) to base 2.
-10011010111
-1000111 (base 3) to base 7
-2110
Convert -1011011111 (base 2) to base 7.
-2100
Convert -2247 (base 14) to base 2.
-1011100110111
What is -14e6 (base 15) in base 12?
-2723
What is -42324 (base 5) in base 8?
-5427
111011101000011 (base 2) to base 4
13131003
1110001100010111 (base 2) to base 9
87664
Convert -11234 (base 5) to base 14.
-427
What is 7022 (base 15) in base 9?
35405
Convert 2a1a8 (base 12) to base 5.
3342044
Convert 50433 (base 9) to base 10.
33159
Convert -12740 (base 8) to base 16.
-15e0
Convert -2b9 (base 16) to base 9.
-854
Convert 2212112 (base 4) to base 2.
10100110010110
-5466 (base 9) to base 10
-4029
-222001002 (base 3) to base 12
-ab9b
What is -13 (base 4) in base 2?
-111
202210 (base 3) to base 15
276
What is -2210122 (base 3) in base 13?
-c11
-22220 (base 6) to base 7
-12030
-176 (base 10) to base 11
-150
-12853 (base 9) to base 6
-104203
Convert 10752 (base 8) to base 16.
11ea
-58c (base 13) to base 5
-12321
Convert -100000110000000 (base 2) to base 16.
-4180
110111000110000 (base 2) to base 5
1400313
Convert -1020430 (base 5) to base 11.
-11846
Convert 5475 (base 10) to base 8.
12543
Convert 588 (base 10) to base 11.
495
Convert 277 (base 14) to base 16.
1f1
Convert -32067 (base 8) to base 6.
-141515
1033331 (base 4) to base 6
35405
-164 (base 10) to base 2
-10100100
Convert 2152 (base 6) to base 4.
13310
-1473 (base 13) to base 3
-11001220
What is 16367 (base 8) in base 15?
22e5
-1413 (base 5) to base 10
-233
What is -9743 (base 12) in base 16?
-40e3
112222021 (base 3) to base 2
10101010100011
-22000023 (base 4) to base 13
-15858
Convert -232311 (base 5) to base 14.
-3120
What is -41b0 (base 12) in base 15?
-21e3
100100010000 (base 2) to base 12
1414
What is -112 (base 7) in base 9?
-64
1168 (base 11) to base 5
22101
What is 333 (base 15) in base 8?
1323
Convert -13135 (base 10) to base 8.
-31517
What is -240 (base 13) in base 11?
-325
What is 10301010 (base 4) in base 14?
7188
What is 2a3 (base 12) in base 6?
1523
132a3 (base 12) to base 5
1320311
-1986 (base 13) to base 9
-5223
310030 (base 5) to base 11
7585
-12110011 (base 3) to base 15
-129d
-11100110110 (base 2) to base 3
-2112101
Convert -154a (base 14) to base 9.
-5171
Convert c452 (base 14) to base 2.
1000001111111000
138 (base 12) to base 10
188
-141 (base 10) to base 4
-2031
Convert -65336 (base 8) to base 7.
-142522
61336 (base 7) to base 9
22421
-1212310 (base 4) to base 6
-50244
What is 13112103 (base 4) in base 7?
153516
Convert -707 (base 11) to base 10.
-854
Convert -28f5 (base 16) to base 14.
-3b6d
-2b (base 13) to base 11
-34
Convert 317 (base 11) to base 3.
112010
-47365 (base 8) to base 16
-4ef5
What is -9530 (base 10) in base 4?
-2110322
214 (base 13) to base 12
257
Convert a07 (base 16) to base 8.
5007
Convert -8c9 (base 16) to base 7.
-6362
Convert 1132 (base 7) to base 9.
511
Convert 324104 (base 5) to base 16.
2b92
28e7 (base 16) to base 3
112100211
-1504 (base 6) to base 15
-1ba
-64b (base 13) to base 15
-4bc
What is 31a3 (base 14) in base 5?
233241
What is -17a (base 13) in base 12?
-1a6
Convert 4231 (base 5) to base 13.
347
30833 (base 10) to base 9
46258
What is -3c40 (base 14) in base 4?
-2212100
Convert -210 (base 12) to base 8.
-454
Convert 416 (base 10) to base 6.
1532
What is -8784 (base 14) in base 15?
-6e2a
Convert -15036 (base 7) to base 16.
-102f
Convert -2443 (base 5) to base 15.
-19d
What is 431214 (base 5) in base 11?
aa36
-10365 (base 7) to base 5
-40340
What is -36376 (base 8) in base 14?
-5994
-13a (base 11) to base 15
-ae
What is 297 (base 16) in base 3?
220120
2040 (base 7) to base 9
873
Convert 1311220 (base 4) to base 10.
7528
Convert 102011 (base 3) to base 9.
364
-1622 (base 12) to base 9
-3528
121223 (base 6) to base 7
43053
Convert -5485 (base 10) to base 9.
-7464
What is -3061 (base 7) in base 13?
-646
What is -24c (base 14) in base 9?
-561
Convert -5053 (base 15) to base 10.
-16953
What is -10252 (base 6) in base 3?
-1220212
What is 4a30 (base 16) in base 11?
132a6
What is -10b4 (base 16) in base 8?
-10264
-1422203 (base 5) to base 11
-20330
What is -1df (base 16) in base 5?
-3404
110010111010000 (base 2) to base 6
320400
What is 1212020021 (base 3) in base 8?
107413
Convert -3a95 (base 13) to base 7.
-33333
Convert -2323 (base 8) to base 10.
-1235
What is 241154 (base 6) in base 14?
7938
What is 4b1 (base 15) in base 8?
2052
221110 (base 3) to base 9
843
What is 230004 (base 5) in base 15?
261e
Convert -47d (base 15) to base 16.
-3fa
What is -536 (base 10) in base 5?
-4121
Convert -3647 (base 8) to base 2.
-11110100111
Convert 13a7 (base 11) to base 16.
713
Convert -4858 (base 9) to base 14.
-1465
What is -1017 (base 11) in base 8?
-2505
What is 6824 (base 14) in base 4?
10122100
1941 (base 14) to base 16
11d5
1535 (base 9) to base 16
48e
Convert -1522 (base 6)